{"id":4271,"date":"2024-02-28T16:29:37","date_gmt":"2024-02-28T16:29:37","guid":{"rendered":"http:\/\/akpsychderm.com\/?page_id=4271"},"modified":"2024-03-19T14:37:57","modified_gmt":"2024-03-19T14:37:57","slug":"vorstand-dr-christina-schut","status":"publish","type":"page","link":"http:\/\/akpsychderm.com\/?page_id=4271","title":{"rendered":"Vorstand Dr. Christina Schut"},"content":{"rendered":"\t\t<div data-elementor-type=\"wp-page\" data-elementor-id=\"4271\" class=\"elementor elementor-4271\">\n\t\t\t\t\t\t<section class=\"elementor-section elementor-top-section elementor-element elementor-element-478cebe elementor-section-full_width elementor-section-height-default elementor-section-height-default\" data-id=\"478cebe\" data-element_type=\"section\" data-settings=\"{&quot;background_background&quot;:&quot;gradient&quot;}\">\n\t\t\t\t\t\t<div class=\"elementor-container elementor-column-gap-default\">\n\t\t\t\t\t<div class=\"elementor-column elementor-col-100 elementor-top-column elementor-element elementor-element-8e309a8\" data-id=\"8e309a8\" data-element_type=\"column\">\n\t\t\t<div class=\"elementor-widget-wrap elementor-element-populated\">\n\t\t\t\t\t\t<section class=\"elementor-section elementor-inner-section elementor-element elementor-element-89d997f elementor-section-boxed elementor-section-height-default elementor-section-height-default\" data-id=\"89d997f\" data-element_type=\"section\">\n\t\t\t\t\t\t<div class=\"elementor-container elementor-column-gap-default\">\n\t\t\t\t\t<div class=\"elementor-column elementor-col-50 elementor-inner-column elementor-element elementor-element-46c889d\" data-id=\"46c889d\" data-element_type=\"column\">\n\t\t\t<div class=\"elementor-widget-wrap elementor-element-populated\">\n\t\t\t\t\t\t<div class=\"elementor-element elementor-element-9ef9daf elementor-widget__width-initial elementor-widget elementor-widget-text-editor\" data-id=\"9ef9daf\" data-element_type=\"widget\" data-widget_type=\"text-editor.default\">\n\t\t\t\t<div class=\"elementor-widget-container\">\n\t\t\t\t\t\t\t\t\t<p>Dr. Christina Schut<\/p>\t\t\t\t\t\t\t\t<\/div>\n\t\t\t\t<\/div>\n\t\t\t\t<div class=\"elementor-element elementor-element-7d002a9 elementor-widget elementor-widget-text-editor\" data-id=\"7d002a9\" data-element_type=\"widget\" data-widget_type=\"text-editor.default\">\n\t\t\t\t<div class=\"elementor-widget-container\">\n\t\t\t\t\t\t\t\t\t<p>Schatzmeisterin<\/p>\t\t\t\t\t\t\t\t<\/div>\n\t\t\t\t<\/div>\n\t\t\t\t\t<\/div>\n\t\t<\/div>\n\t\t\t\t<div class=\"elementor-column elementor-col-50 elementor-inner-column elementor-element elementor-element-96caa6c\" data-id=\"96caa6c\" data-element_type=\"column\">\n\t\t\t<div class=\"elementor-widget-wrap elementor-element-populated\">\n\t\t\t\t\t\t<div class=\"elementor-element elementor-element-3f6008c elementor-widget elementor-widget-image\" data-id=\"3f6008c\" data-element_type=\"widget\" data-widget_type=\"image.default\">\n\t\t\t\t<div class=\"elementor-widget-container\">\n\t\t\t\t\t\t\t\t\t\t\t\t\t\t\t<img fetchpriority=\"high\" decoding=\"async\" width=\"300\" height=\"300\" src=\"http:\/\/akpsychderm.com\/wp-content\/uploads\/2024\/02\/schut.png\" class=\"attachment-medium size-medium wp-image-3719\" alt=\"\" srcset=\"http:\/\/akpsychderm.com\/wp-content\/uploads\/2024\/02\/schut.png 300w, http:\/\/akpsychderm.com\/wp-content\/uploads\/2024\/02\/schut-150x150.png 150w, http:\/\/akpsychderm.com\/wp-content\/uploads\/2024\/02\/schut-80x80.png 80w\" sizes=\"(max-width: 300px) 100vw, 300px\" \/>\t\t\t\t\t\t\t\t\t\t\t\t\t\t\t<\/div>\n\t\t\t\t<\/div>\n\t\t\t\t\t<\/div>\n\t\t<\/div>\n\t\t\t\t\t<\/div>\n\t\t<\/section>\n\t\t\t\t\t<\/div>\n\t\t<\/div>\n\t\t\t\t\t<\/div>\n\t\t<\/section>\n\t\t\t\t<section class=\"elementor-section elementor-top-section elementor-element elementor-element-8210edf elementor-section-boxed elementor-section-height-default elementor-section-height-default\" data-id=\"8210edf\" data-element_type=\"section\">\n\t\t\t\t\t\t<div class=\"elementor-container elementor-column-gap-default\">\n\t\t\t\t\t<div class=\"elementor-column elementor-col-50 elementor-top-column elementor-element elementor-element-da021ab\" data-id=\"da021ab\" data-element_type=\"column\">\n\t\t\t<div class=\"elementor-widget-wrap elementor-element-populated\">\n\t\t\t\t\t\t<div class=\"elementor-element elementor-element-e0a1645 elementor-widget elementor-widget-heading\" data-id=\"e0a1645\" data-element_type=\"widget\" data-widget_type=\"heading.default\">\n\t\t\t\t<div class=\"elementor-widget-container\">\n\t\t\t\t\t<h2 class=\"elementor-heading-title elementor-size-default\">Lebenslauf<\/h2>\t\t\t\t<\/div>\n\t\t\t\t<\/div>\n\t\t\t\t<div class=\"elementor-element elementor-element-eaf84b9 elementor-widget elementor-widget-text-editor\" data-id=\"eaf84b9\" data-element_type=\"widget\" data-widget_type=\"text-editor.default\">\n\t\t\t\t<div class=\"elementor-widget-container\">\n\t\t\t\t\t\t\t\t\t<p>Name Dr. Dipl. Psych. Christina Schut<br \/>Anschrift Institut f\u00fcr Med. Psychologie<br \/>Justus-Liebig-Universit\u00e4t<br \/>Klinikstra\u00dfe 29<br \/>35392 Gie\u00dfen<br \/>Telefon 0641\/9945682<br \/>Email Christina.Schut@mp.jlug.de<\/p>\t\t\t\t\t\t\t\t<\/div>\n\t\t\t\t<\/div>\n\t\t\t\t<div class=\"elementor-element elementor-element-779e560 elementor-widget elementor-widget-text-editor\" data-id=\"779e560\" data-element_type=\"widget\" data-widget_type=\"text-editor.default\">\n\t\t\t\t<div class=\"elementor-widget-container\">\n\t\t\t\t\t\t\t\t\t<p>Wissenschaftlicher Werdegang<\/p>\t\t\t\t\t\t\t\t<\/div>\n\t\t\t\t<\/div>\n\t\t\t\t<div class=\"elementor-element elementor-element-459a84e elementor-widget elementor-widget-text-editor\" data-id=\"459a84e\" data-element_type=\"widget\" data-widget_type=\"text-editor.default\">\n\t\t\t\t<div class=\"elementor-widget-container\">\n\t\t\t\t\t\t\t\t\t<p><strong>01\/2023<\/strong> Abgabe der Habilitationsschrift \u201eDen Juckreiz besser<br \/>verstehen: Die Bedeutung psychologischer Faktoren\u201c beim<br \/>Dekanat des Fachbereichs Medizin der JLU<\/p><p><br \/><strong>04\/2020 \u2013 10\/2020<\/strong> Vertretung der Professur f\u00fcr Gesundheitspsychologie und<br \/>Angewandte Diagnostik an der Bergischen Universit\u00e4t<br \/>Wuppertal (BUW)<\/p><p><br \/><strong>seit 09\/2015<\/strong> Akademische R\u00e4tin auf Dauer am Institut f\u00fcr Med. Psychologie<br \/>der Justus-Liebig-Universit\u00e4t (JLU) Gie\u00dfen<\/p><p><br \/><strong>03\/2014 \u2013 10\/2014<\/strong> DFG-Forschungsstipendiatin am Temple Itch Center der<br \/>Temple University School of Medicine, Philadelphia, USA<\/p><p><strong>07\/2013<\/strong> Promotion zum Dr. biol. hom. am Fachbereich Medizin der<br \/>JLU; Titel: Stressbew\u00e4ltigungstraining bei Neurodermitis:<br \/>Psycho- physiologische Effekte. Note: magna cum laude<\/p><p><strong>09\/2007 \u2013 08\/2015<\/strong> Wissenschaftliche Mitarbeiterin am Institut f\u00fcr Med.<br \/>Psychologie der JLU Gie\u00dfen, Forschungst\u00e4tigkeit in der<br \/>Arbeitsgruppe Psychosomatische Dermatologie<\/p>\t\t\t\t\t\t\t\t<\/div>\n\t\t\t\t<\/div>\n\t\t\t\t<div class=\"elementor-element elementor-element-b6b59c7 elementor-widget elementor-widget-text-editor\" data-id=\"b6b59c7\" data-element_type=\"widget\" data-widget_type=\"text-editor.default\">\n\t\t\t\t<div class=\"elementor-widget-container\">\n\t\t\t\t\t\t\t\t\t<p>Studium<\/p>\t\t\t\t\t\t\t\t<\/div>\n\t\t\t\t<\/div>\n\t\t\t\t<div class=\"elementor-element elementor-element-7813974 elementor-widget elementor-widget-text-editor\" data-id=\"7813974\" data-element_type=\"widget\" data-widget_type=\"text-editor.default\">\n\t\t\t\t<div class=\"elementor-widget-container\">\n\t\t\t\t\t\t\t\t\t<p><strong>10\/2002 \u2013 09\/2007<\/strong> Studium der Diplom Psychologie, JLU<br \/>Gie\u00dfen. Note: 1,2. Diplomarbeit zum Thema \u201eRolle des COMT-<br \/>Polymorphismus bei der Stressreaktion von Extra- und<br \/>Introvertierten\u201c. Note: 1,0<\/p>\t\t\t\t\t\t\t\t<\/div>\n\t\t\t\t<\/div>\n\t\t\t\t<div class=\"elementor-element elementor-element-888261a elementor-widget elementor-widget-text-editor\" data-id=\"888261a\" data-element_type=\"widget\" data-widget_type=\"text-editor.default\">\n\t\t\t\t<div class=\"elementor-widget-container\">\n\t\t\t\t\t\t\t\t\t<p>Mitgliedschaften und Gremienarbeit<\/p>\t\t\t\t\t\t\t\t<\/div>\n\t\t\t\t<\/div>\n\t\t\t\t<div class=\"elementor-element elementor-element-81bd582 elementor-widget elementor-widget-text-editor\" data-id=\"81bd582\" data-element_type=\"widget\" data-widget_type=\"text-editor.default\">\n\t\t\t\t<div class=\"elementor-widget-container\">\n\t\t\t\t\t\t\t\t\t<p><strong>seit 2023<\/strong> Beisitzerin im Vorstand des International Forum for the Study of<br \/>Itch (IFSI)<\/p><p><strong>seit 2021<\/strong> Beisitzerin und Schatzmeisterin im Vorstand und<br \/>Leitlinienbeauftragte des Arbeitskreises Psychosomatische<br \/>Dermatologie (APD), Sektion der Deutschen Dermatologischen<br \/>Gesellschaft (DDG)<\/p><p><strong>2021<\/strong> Initiatorin des Netzwerks \u201eM\u00fctter in der Wissenschaft an der<br \/>JLU\u201c (zusammen mit Dr. Ziegler (FB08))<\/p><p><strong>seit 2020<\/strong> Mitglied des International Forum for the Study of Itch (IFSI)<\/p><p><strong>2018 &#8211; 2020<\/strong> Mitarbeit in den AGs \u201eHaut\u201c und \u201eGesundheitsf\u00f6rderung und<br \/>Pr\u00e4vention\u201c zur (Weiter-)Entwicklung des Nationalen<br \/>Kompetenzbasierten Lernzielkatalogs Medizin (NKLM)<\/p><p><strong>seit 2017<\/strong> Gr\u00fcnderin und Leiterin des Organisationsteams \u201eScience Day\u201c<br \/>zur Planung und Durchf\u00fchrung des Wissenschaftstags am<br \/>Fachbereich Medizin der JLU Gie\u00dfen<\/p><p><strong>2016 &#8211; 2021<\/strong> Vorstandsmitglied der Deutschen Gesellschaft f\u00fcr Med.<br \/>Psychologie (DGMP), hier u.a. verantwortlich f\u00fcr die<br \/>Nachwuchsf\u00f6rderung und Organisation j\u00e4hrlicher<br \/>Nachwuchsworkshops<\/p><p><strong>seit 2015<\/strong> Gew\u00e4hltes Mitglied im Fachbereichsrat Medizin der JLU als<br \/>Sprecherin der Liste \u201eAkademische Vielfalt\u201c der<br \/>wissenschaftlichen Mitarbeiter\/innen<\/p><p><strong>seit 2015<\/strong> Mitglied der Deutschen Gesellschaft f\u00fcr Psychologie (DGPs)<\/p><p><strong>seit 2015<\/strong> Mitglied der European Health Psychology Society (EHPS)<\/p><p><strong>seit 2012<\/strong> Mitglied der Arbeitsgemeinschaft Pruritusforschung (AGP) der<br \/>Deutschen Dermatologischen Gesellschaft (DDG)<\/p><p><strong>seit 2008<\/strong> Mitglied der European Society for Dermatology and Psychiatry<br \/>(ESDaP)<\/p><p><strong>seit 2007<\/strong> Mitglied der Deutschen Gesellschaft f\u00fcr Med. Psychologie<br \/>(DGMP)<\/p>\t\t\t\t\t\t\t\t<\/div>\n\t\t\t\t<\/div>\n\t\t\t\t<div class=\"elementor-element elementor-element-183102d elementor-widget elementor-widget-text-editor\" data-id=\"183102d\" data-element_type=\"widget\" data-widget_type=\"text-editor.default\">\n\t\t\t\t<div class=\"elementor-widget-container\">\n\t\t\t\t\t\t\t\t\t<p>Preise und Stipendien<\/p>\t\t\t\t\t\t\t\t<\/div>\n\t\t\t\t<\/div>\n\t\t\t\t<div class=\"elementor-element elementor-element-3fa24ad elementor-widget elementor-widget-text-editor\" data-id=\"3fa24ad\" data-element_type=\"widget\" data-widget_type=\"text-editor.default\">\n\t\t\t\t<div class=\"elementor-widget-container\">\n\t\t\t\t\t\t\t\t\t<p><strong>06\/2021<\/strong> Auszeichnung mit dem Preis f\u00fcr den besten Vortrag beim<br \/>digitalen Kongress der European Society for Dermatology and<br \/>Psychiatry (ESDaP; Vortragstitel: \u201ePrevalence of symptoms of<br \/>body dysmorphic disorder in patients with dermatological<br \/>conditions compared to healthy skin controls: Results of the<br \/>ESDaP-study-II\u201c)<\/p><p><strong>09\/2018<\/strong> Auszeichnung mit dem Peter-Jacobi-Preis, h\u00f6chster Preis, den<br \/>die Deutsche Gesellschaft f\u00fcr Med. Psychologie an<br \/>Habilitand:innen vergibt<\/p><p><strong>11\/2017<\/strong> Preis f\u00fcr den besten Vortrag im Bereich Klinische Forschung<br \/>beim Science Day des Fachbereichs Medizin der JLU Gie\u00dfen<\/p><p><strong>11\/2017<\/strong> Preis f\u00fcr die beste Methode im Bereich Klinische Forschung<br \/>beim Science Day des Fachbereichs Medizin JLU Gie\u00dfen<\/p><p><strong>06\/2015<\/strong> Posterpreis der European Society for Dermatology and<br \/>Psychiatry (ESDaP) f\u00fcr das Poster \u201eThe importance of illness<br \/>representations and coping for physical impairment in patients<br \/>with atopic dermatitis: A 1-year-follow-up study\u201c beim 16.<br \/>Kongress der ESDAP in St. Petersburg, Russland<\/p><p><strong>07\/2013<\/strong> Reisestipendium des International Forum for the Study of Itch<br \/>(IFSI) zur Teilnahme am 7th World Congress on Itch (WCI) des<br \/>International Forum for the Study of Itch (IFSI) in Boston, USA<\/p><p><strong>09\/2012<\/strong> Stipendium der European Academy of Dermatology and<br \/>Venereology (EADV) zur Reduktion der Geb\u00fchr zur Teilnahme<br \/>am 21. Kongress der EADV in Prag, Tschechien<\/p><p><strong>09\/2011<\/strong> Posterpreis des International Forum for the Study of Itch (IFSI)<br \/>f\u00fcr das Poster \u201eMental itch induction in patients with chronic<br \/>urticaria&#8221; beim 6. World Congress on Itch (WCI) in Brest,<br \/>Frankreich<\/p>\t\t\t\t\t\t\t\t<\/div>\n\t\t\t\t<\/div>\n\t\t\t\t\t<\/div>\n\t\t<\/div>\n\t\t\t\t<div class=\"elementor-column elementor-col-50 elementor-top-column elementor-element elementor-element-e918b8f\" data-id=\"e918b8f\" data-element_type=\"column\">\n\t\t\t<div class=\"elementor-widget-wrap\">\n\t\t\t\t\t\t\t<\/div>\n\t\t<\/div>\n\t\t\t\t\t<\/div>\n\t\t<\/section>\n\t\t\t\t<\/div>\n\t\t","protected":false},"excerpt":{"rendered":"<p>Dr. Christina Schut Schatzmeisterin Lebenslauf Name Dr. Dipl. Psych. Christina SchutAnschrift Institut f\u00fcr Med. PsychologieJustus-Liebig-Universit\u00e4tKlinikstra\u00dfe 2935392 Gie\u00dfenTelefon 0641\/9945682Email Christina.Schut@mp.jlug.de Wissenschaftlicher Werdegang 01\/2023 Abgabe der Habilitationsschrift \u201eDen Juckreiz besserverstehen: Die Bedeutung psychologischer Faktoren\u201c beimDekanat des Fachbereichs Medizin der JLU 04\/2020 \u2013 10\/2020 Vertretung der Professur f\u00fcr Gesundheitspsychologie undAngewandte Diagnostik an der Bergischen Universit\u00e4tWuppertal (BUW) seit 09\/2015 [&hellip;]<\/p>\n","protected":false},"author":1,"featured_media":0,"parent":0,"menu_order":0,"comment_status":"closed","ping_status":"closed","template":"","meta":{"ocean_post_layout":"full-screen","ocean_both_sidebars_style":"","ocean_both_sidebars_content_width":0,"ocean_both_sidebars_sidebars_width":0,"ocean_sidebar":"0","ocean_second_sidebar":"0","ocean_disable_margins":"enable","ocean_add_body_class":"","ocean_shortcode_before_top_bar":"","ocean_shortcode_after_top_bar":"","ocean_shortcode_before_header":"","ocean_shortcode_after_header":"","ocean_has_shortcode":"","ocean_shortcode_after_title":"","ocean_shortcode_before_footer_widgets":"","ocean_shortcode_after_footer_widgets":"","ocean_shortcode_before_footer_bottom":"","ocean_shortcode_after_footer_bottom":"","ocean_display_top_bar":"off","ocean_display_header":"off","ocean_header_style":"","ocean_center_header_left_menu":"0","ocean_custom_header_template":"0","ocean_custom_logo":0,"ocean_custom_retina_logo":0,"ocean_custom_logo_max_width":0,"ocean_custom_logo_tablet_max_width":0,"ocean_custom_logo_mobile_max_width":0,"ocean_custom_logo_max_height":0,"ocean_custom_logo_tablet_max_height":0,"ocean_custom_logo_mobile_max_height":0,"ocean_header_custom_menu":"0","ocean_menu_typo_font_family":"0","ocean_menu_typo_font_subset":"","ocean_menu_typo_font_size":0,"ocean_menu_typo_font_size_tablet":0,"ocean_menu_typo_font_size_mobile":0,"ocean_menu_typo_font_size_unit":"px","ocean_menu_typo_font_weight":"","ocean_menu_typo_font_weight_tablet":"","ocean_menu_typo_font_weight_mobile":"","ocean_menu_typo_transform":"","ocean_menu_typo_transform_tablet":"","ocean_menu_typo_transform_mobile":"","ocean_menu_typo_line_height":0,"ocean_menu_typo_line_height_tablet":0,"ocean_menu_typo_line_height_mobile":0,"ocean_menu_typo_line_height_unit":"","ocean_menu_typo_spacing":0,"ocean_menu_typo_spacing_tablet":0,"ocean_menu_typo_spacing_mobile":0,"ocean_menu_typo_spacing_unit":"","ocean_menu_link_color":"","ocean_menu_link_color_hover":"","ocean_menu_link_color_active":"","ocean_menu_link_background":"","ocean_menu_link_hover_background":"","ocean_menu_link_active_background":"","ocean_menu_social_links_bg":"","ocean_menu_social_hover_links_bg":"","ocean_menu_social_links_color":"","ocean_menu_social_hover_links_color":"","ocean_disable_title":"on","ocean_disable_heading":"default","ocean_post_title":"","ocean_post_subheading":"","ocean_post_title_style":"","ocean_post_title_background_color":"","ocean_post_title_background":0,"ocean_post_title_bg_image_position":"","ocean_post_title_bg_image_attachment":"","ocean_post_title_bg_image_repeat":"","ocean_post_title_bg_image_size":"","ocean_post_title_height":0,"ocean_post_title_bg_overlay":0.5,"ocean_post_title_bg_overlay_color":"","ocean_disable_breadcrumbs":"default","ocean_breadcrumbs_color":"","ocean_breadcrumbs_separator_color":"","ocean_breadcrumbs_links_color":"","ocean_breadcrumbs_links_hover_color":"","ocean_display_footer_widgets":"off","ocean_display_footer_bottom":"off","ocean_custom_footer_template":"0","footnotes":""},"_links":{"self":[{"href":"http:\/\/akpsychderm.com\/index.php?rest_route=\/wp\/v2\/pages\/4271"}],"collection":[{"href":"http:\/\/akpsychderm.com\/index.php?rest_route=\/wp\/v2\/pages"}],"about":[{"href":"http:\/\/akpsychderm.com\/index.php?rest_route=\/wp\/v2\/types\/page"}],"author":[{"embeddable":true,"href":"http:\/\/akpsychderm.com\/index.php?rest_route=\/wp\/v2\/users\/1"}],"replies":[{"embeddable":true,"href":"http:\/\/akpsychderm.com\/index.php?rest_route=%2Fwp%2Fv2%2Fcomments&post=4271"}],"version-history":[{"count":7,"href":"http:\/\/akpsychderm.com\/index.php?rest_route=\/wp\/v2\/pages\/4271\/revisions"}],"predecessor-version":[{"id":4996,"href":"http:\/\/akpsychderm.com\/index.php?rest_route=\/wp\/v2\/pages\/4271\/revisions\/4996"}],"wp:attachment":[{"href":"http:\/\/akpsychderm.com\/index.php?rest_route=%2Fwp%2Fv2%2Fmedia&parent=4271"}],"curies":[{"name":"wp","href":"https:\/\/api.w.org\/{rel}","templated":true}]}}