{"id":5338,"date":"2024-10-22T14:08:52","date_gmt":"2024-10-22T14:08:52","guid":{"rendered":"https:\/\/akpsychderm.com\/?page_id=5338"},"modified":"2024-10-22T15:34:05","modified_gmt":"2024-10-22T15:34:05","slug":"allgemeine-nicht-dermatologie-spezifische-weiterbildungsmoeglichkeiten-fuer-aerztinnen","status":"publish","type":"page","link":"https:\/\/akpsychderm.com\/?page_id=5338","title":{"rendered":"Allgemeine, nicht Dermatologie-spezifische Weiterbildungsm\u00f6glichkeiten f\u00fcr \u00c4rzt*innen"},"content":{"rendered":"\t\t<div data-elementor-type=\"wp-page\" data-elementor-id=\"5338\" class=\"elementor elementor-5338\">\n\t\t\t\t\t\t<section class=\"elementor-section elementor-top-section elementor-element elementor-element-ae01063 elementor-section-full_width elementor-section-height-default elementor-section-height-default\" data-id=\"ae01063\" data-element_type=\"section\" data-settings=\"{&quot;background_background&quot;:&quot;gradient&quot;}\">\n\t\t\t\t\t\t<div class=\"elementor-container elementor-column-gap-no\">\n\t\t\t\t\t<div class=\"elementor-column elementor-col-100 elementor-top-column elementor-element elementor-element-d8b599b\" data-id=\"d8b599b\" data-element_type=\"column\">\n\t\t\t<div class=\"elementor-widget-wrap elementor-element-populated\">\n\t\t\t\t\t\t<section class=\"elementor-section elementor-inner-section elementor-element elementor-element-4eafc3a elementor-section-boxed elementor-section-height-default elementor-section-height-default\" data-id=\"4eafc3a\" data-element_type=\"section\">\n\t\t\t\t\t\t<div class=\"elementor-container elementor-column-gap-no\">\n\t\t\t\t\t<div class=\"elementor-column elementor-col-50 elementor-inner-column elementor-element elementor-element-2c67317\" data-id=\"2c67317\" data-element_type=\"column\">\n\t\t\t<div class=\"elementor-widget-wrap elementor-element-populated\">\n\t\t\t\t\t\t<div class=\"elementor-element elementor-element-66afcc8 elementor-widget elementor-widget-text-editor\" data-id=\"66afcc8\" data-element_type=\"widget\" data-widget_type=\"text-editor.default\">\n\t\t\t\t<div class=\"elementor-widget-container\">\n\t\t\t\t\t\t\t\t\t<p>Allgemeine, nicht Dermatologie-spezifische Weiterbildungsm\u00f6glich-keiten f\u00fcr \u00c4rzt*innen<\/p>\t\t\t\t\t\t\t\t<\/div>\n\t\t\t\t<\/div>\n\t\t\t\t\t<\/div>\n\t\t<\/div>\n\t\t\t\t<div class=\"elementor-column elementor-col-50 elementor-inner-column elementor-element elementor-element-96df8a5\" data-id=\"96df8a5\" data-element_type=\"column\">\n\t\t\t<div class=\"elementor-widget-wrap elementor-element-populated\">\n\t\t\t\t\t\t<div class=\"elementor-element elementor-element-5bfc2a2 elementor-widget__width-initial elementor-widget elementor-widget-text-editor\" data-id=\"5bfc2a2\" data-element_type=\"widget\" data-widget_type=\"text-editor.default\">\n\t\t\t\t<div class=\"elementor-widget-container\">\n\t\t\t\t\t\t\t\t\t<p>Wer sich \u00fcber die Jahrestagungen des AkPsychDerm oder andere psychodermatologische Angeboten bei den \u00fcblichen Fortbildungsveranstaltungen hinaus mit psychischen und psychosomatischen Aspekten ihrer\/seiner Patient*innen besch\u00e4ftigen m\u00f6chte, findet hier Informationen zu einer Reihe von vertiefenden Weiterbildungs- und Qualifizierungsm\u00f6glichkeiten.<\/p>\t\t\t\t\t\t\t\t<\/div>\n\t\t\t\t<\/div>\n\t\t\t\t\t<\/div>\n\t\t<\/div>\n\t\t\t\t\t<\/div>\n\t\t<\/section>\n\t\t\t\t\t<\/div>\n\t\t<\/div>\n\t\t\t\t\t<\/div>\n\t\t<\/section>\n\t\t\t\t<section class=\"elementor-section elementor-top-section elementor-element elementor-element-ad95e34 elementor-section-boxed elementor-section-height-default elementor-section-height-default\" data-id=\"ad95e34\" data-element_type=\"section\" data-settings=\"{&quot;background_background&quot;:&quot;classic&quot;}\">\n\t\t\t\t\t\t<div class=\"elementor-container elementor-column-gap-no\">\n\t\t\t\t\t<div class=\"elementor-column elementor-col-100 elementor-top-column elementor-element elementor-element-bdb2d42\" data-id=\"bdb2d42\" data-element_type=\"column\">\n\t\t\t<div class=\"elementor-widget-wrap elementor-element-populated\">\n\t\t\t\t\t\t<section class=\"elementor-section elementor-inner-section elementor-element elementor-element-55ba982 elementor-section-boxed elementor-section-height-default elementor-section-height-default\" data-id=\"55ba982\" data-element_type=\"section\">\n\t\t\t\t\t\t<div class=\"elementor-container elementor-column-gap-no\">\n\t\t\t\t\t<div class=\"elementor-column elementor-col-100 elementor-inner-column elementor-element elementor-element-1d90aa4\" data-id=\"1d90aa4\" data-element_type=\"column\">\n\t\t\t<div class=\"elementor-widget-wrap elementor-element-populated\">\n\t\t\t\t\t\t<div class=\"elementor-element elementor-element-5278906 elementor-widget elementor-widget-text-editor\" data-id=\"5278906\" data-element_type=\"widget\" data-widget_type=\"text-editor.default\">\n\t\t\t\t<div class=\"elementor-widget-container\">\n\t\t\t\t\t\t\t\t\t<p>Psychosomatische Grundversorgung<\/p>\t\t\t\t\t\t\t\t<\/div>\n\t\t\t\t<\/div>\n\t\t\t\t<div class=\"elementor-element elementor-element-a9d5acf elementor-widget elementor-widget-text-editor\" data-id=\"a9d5acf\" data-element_type=\"widget\" data-widget_type=\"text-editor.default\">\n\t\t\t\t<div class=\"elementor-widget-container\">\n\t\t\t\t\t\t\t\t\t<p>Wer sich in der Praxis gerne ein wenig Zeit nehmen m\u00f6chte, die\/den Patient*in ganzheitlich mit seinen pers\u00f6nlichen psychischen Triggerfaktoren seiner Hauterkrankung wahrzunehmen, f\u00fcr den ist die \u201ePsychosomatische Grundversorgung\u201c hilfreich. Hierzu werden von einer Vielzahl von regionalen und \u00fcberregionalen Anbietern Kurse vor Ort oder auch z.B. komprimiert f\u00fcr eine Woche an einem Urlaubsziel angeboten. Mit vergleichbar wenig zeitlichem Aufwand kann man an solchen Kursen berufsbegleitend teilnehmen und f\u00fcr sich selbst und seine Patient*innen mehr Zufriedenheit erreichen. F\u00fcr die KV-Abrechnung der Geb\u00fchrenordnungspositionen EBM 35100 und EBM 35110 sind insgesamt 80 Std. erforderlich, die sich in 20 Std. Theorie, 30 Std. Balint-Gruppe und 30 Std. Interaktionsdiagnostik (meist zusammen in einer Balint-Gruppe umsetzbar) aufteilen.<\/p>\t\t\t\t\t\t\t\t<\/div>\n\t\t\t\t<\/div>\n\t\t\t\t\t<\/div>\n\t\t<\/div>\n\t\t\t\t\t<\/div>\n\t\t<\/section>\n\t\t\t\t<section class=\"elementor-section elementor-inner-section elementor-element elementor-element-56e4bd4 elementor-section-boxed elementor-section-height-default elementor-section-height-default\" data-id=\"56e4bd4\" data-element_type=\"section\">\n\t\t\t\t\t\t<div class=\"elementor-container elementor-column-gap-no\">\n\t\t\t\t\t<div class=\"elementor-column elementor-col-100 elementor-inner-column elementor-element elementor-element-9c909fa\" data-id=\"9c909fa\" data-element_type=\"column\">\n\t\t\t<div class=\"elementor-widget-wrap elementor-element-populated\">\n\t\t\t\t\t\t<div class=\"elementor-element elementor-element-69b97dd elementor-widget elementor-widget-text-editor\" data-id=\"69b97dd\" data-element_type=\"widget\" data-widget_type=\"text-editor.default\">\n\t\t\t\t<div class=\"elementor-widget-container\">\n\t\t\t\t\t\t\t\t\t<p>Fachgebundene Psychotherapie<\/p>\t\t\t\t\t\t\t\t<\/div>\n\t\t\t\t<\/div>\n\t\t\t\t<div class=\"elementor-element elementor-element-9c7f196 elementor-widget elementor-widget-text-editor\" data-id=\"9c7f196\" data-element_type=\"widget\" data-widget_type=\"text-editor.default\">\n\t\t\t\t<div class=\"elementor-widget-container\">\n\t\t\t\t\t\t\t\t\t<p>Die n\u00e4chste Stufe auf der Qualifikationsleiter stellt die Zusatzbezeichnung \u201ePsychotherapie \u2013 fachgebunden\u201c dar: der zeitliche und finanzielle Aufwand hierzu betr\u00e4gt ca. 2 Jahre. Wenn man die Ausbildung \u00fcber einige Jahre streckt, ist sie mit einer Vollzeitstelle vereinbar. Die Ausbildung wird meist von Psychotherapie-Akademien angeboten. Mit dieser Zusatzbezeichnung ist es m\u00f6glich, Psychotherapien im Rahmen der kassen\u00e4rztlichen Psychotherapie anzubieten. Die Abrechnungen erfolgen wie die anderer Psychotherapeut:innen oder Fach\u00e4rzt:innen auch.<\/p>\t\t\t\t\t\t\t\t<\/div>\n\t\t\t\t<\/div>\n\t\t\t\t\t<\/div>\n\t\t<\/div>\n\t\t\t\t\t<\/div>\n\t\t<\/section>\n\t\t\t\t<section class=\"elementor-section elementor-inner-section elementor-element elementor-element-bfd7761 elementor-section-boxed elementor-section-height-default elementor-section-height-default\" data-id=\"bfd7761\" data-element_type=\"section\">\n\t\t\t\t\t\t<div class=\"elementor-container elementor-column-gap-no\">\n\t\t\t\t\t<div class=\"elementor-column elementor-col-100 elementor-inner-column elementor-element elementor-element-cded4d3\" data-id=\"cded4d3\" data-element_type=\"column\">\n\t\t\t<div class=\"elementor-widget-wrap elementor-element-populated\">\n\t\t\t\t\t\t<div class=\"elementor-element elementor-element-014568b elementor-widget elementor-widget-text-editor\" data-id=\"014568b\" data-element_type=\"widget\" data-widget_type=\"text-editor.default\">\n\t\t\t\t<div class=\"elementor-widget-container\">\n\t\t\t\t\t\t\t\t\t<p>Doppelfach\u00e4rzt*in<\/p>\t\t\t\t\t\t\t\t<\/div>\n\t\t\t\t<\/div>\n\t\t\t\t<div class=\"elementor-element elementor-element-9a32816 elementor-widget elementor-widget-text-editor\" data-id=\"9a32816\" data-element_type=\"widget\" data-widget_type=\"text-editor.default\">\n\t\t\t\t<div class=\"elementor-widget-container\">\n\t\t\t\t\t\t\t\t\t<p>Mit einer 5-j\u00e4hrigen Weiterbildung kann der Facharzt f\u00fcr Psychosomatische Medizin und Psychotherapie erworben werden, der an anerkannten Weiterbildungskliniken und \u2013 Praxen angeboten wird (siehe Liste in der jeweiligen Landes\u00e4rztekammer).<\/p>\t\t\t\t\t\t\t\t<\/div>\n\t\t\t\t<\/div>\n\t\t\t\t\t<\/div>\n\t\t<\/div>\n\t\t\t\t\t<\/div>\n\t\t<\/section>\n\t\t\t\t<section class=\"elementor-section elementor-inner-section elementor-element elementor-element-669b860 elementor-section-boxed elementor-section-height-default elementor-section-height-default\" data-id=\"669b860\" data-element_type=\"section\">\n\t\t\t\t\t\t<div class=\"elementor-container elementor-column-gap-no\">\n\t\t\t\t\t<div class=\"elementor-column elementor-col-100 elementor-inner-column elementor-element elementor-element-b9bc43b\" data-id=\"b9bc43b\" data-element_type=\"column\">\n\t\t\t<div class=\"elementor-widget-wrap elementor-element-populated\">\n\t\t\t\t\t\t<div class=\"elementor-element elementor-element-517f7b9 elementor-widget elementor-widget-text-editor\" data-id=\"517f7b9\" data-element_type=\"widget\" data-widget_type=\"text-editor.default\">\n\t\t\t\t<div class=\"elementor-widget-container\">\n\t\t\t\t\t\t\t\t\t<p>Qualifikation f\u00fcr Psycholog*innen<\/p>\t\t\t\t\t\t\t\t<\/div>\n\t\t\t\t<\/div>\n\t\t\t\t<div class=\"elementor-element elementor-element-b8d1b2c elementor-widget elementor-widget-text-editor\" data-id=\"b8d1b2c\" data-element_type=\"widget\" data-widget_type=\"text-editor.default\">\n\t\t\t\t<div class=\"elementor-widget-container\">\n\t\t\t\t\t\t\t\t\t<p>Psycholog*innen haben derzeit die Wahl nach dem Master-Abschluss bzw. fr\u00fcher Diplom eine 3-5 j\u00e4hrige Ausbildung in einem Psychotherapie-Institut durchzuf\u00fchren, dass durch eine staatliche Pr\u00fcfung des jeweiligen Landespr\u00fcfungsamtes f\u00fcr Heilberufe zur Approbation f\u00fchrt und danach noch 1200 Std. Psychiatrie (Pt1) und Psychosomatik (Pt2) absolvieren m\u00fcssen um kassen\u00e4rztlich zugelassen zu werden. Diese Ausbildung endet mit einer \u00dcbergangsfrist 2032. Neu ist der Master-Studiengang Psychotherapie an Psychologie-Fakult\u00e4ten, der direkt zur Approbation f\u00fchrt \u00e4hnlich wie in der Medizin, allerdings ist f\u00fcr die Kassenzulassung als Psychologische Psychotherapeut*in (gesch\u00fctzter Begriff!) eine 5-j\u00e4hrige Weiterbildung (2 Jahre station\u00e4r\/2 Jahre ambulant\/ 1 Jahr zur Wahl) erforderlich (\u00e4hnlich der Facharzt-Weiterbildung), die auch bezahlt werden soll wie Assistens\u00e4rzt*innen. Auch diese ist nicht spezifisch f\u00fcr Psychodermatologie.<\/p>\t\t\t\t\t\t\t\t<\/div>\n\t\t\t\t<\/div>\n\t\t\t\t<div class=\"elementor-element elementor-element-98de37f elementor-mobile-align-left elementor-icon-list--layout-traditional elementor-list-item-link-full_width elementor-widget elementor-widget-icon-list\" data-id=\"98de37f\" data-element_type=\"widget\" data-widget_type=\"icon-list.default\">\n\t\t\t\t<div class=\"elementor-widget-container\">\n\t\t\t\t\t\t\t<ul class=\"elementor-icon-list-items\">\n\t\t\t\t\t\t\t<li class=\"elementor-icon-list-item\">\n\t\t\t\t\t\t\t\t\t\t\t<a href=\"https:\/\/www.ipu-berlin.de\" target=\"_blank\">\n\n\t\t\t\t\t\t\t\t\t\t\t\t<span class=\"elementor-icon-list-icon\">\n\t\t\t\t\t\t\t<i aria-hidden=\"true\" class=\"fas fa-chevron-circle-right\"><\/i>\t\t\t\t\t\t<\/span>\n\t\t\t\t\t\t\t\t\t\t<span class=\"elementor-icon-list-text\">IPU Berlin<\/span>\n\t\t\t\t\t\t\t\t\t\t\t<\/a>\n\t\t\t\t\t\t\t\t\t<\/li>\n\t\t\t\t\t\t<\/ul>\n\t\t\t\t\t\t<\/div>\n\t\t\t\t<\/div>\n\t\t\t\t\t<\/div>\n\t\t<\/div>\n\t\t\t\t\t<\/div>\n\t\t<\/section>\n\t\t\t\t\t<\/div>\n\t\t<\/div>\n\t\t\t\t\t<\/div>\n\t\t<\/section>\n\t\t\t\t<\/div>\n\t\t","protected":false},"excerpt":{"rendered":"<p>Allgemeine, nicht Dermatologie-spezifische Weiterbildungsm\u00f6glich-keiten f\u00fcr \u00c4rzt*innen Wer sich \u00fcber die Jahrestagungen des AkPsychDerm oder andere psychodermatologische Angeboten bei den \u00fcblichen Fortbildungsveranstaltungen hinaus mit psychischen und psychosomatischen Aspekten ihrer\/seiner Patient*innen besch\u00e4ftigen m\u00f6chte, findet hier Informationen zu einer Reihe von vertiefenden Weiterbildungs- und Qualifizierungsm\u00f6glichkeiten. Psychosomatische Grundversorgung Wer sich in der Praxis gerne ein wenig Zeit nehmen m\u00f6chte, [&hellip;]<\/p>\n","protected":false},"author":1,"featured_media":0,"parent":0,"menu_order":0,"comment_status":"closed","ping_status":"closed","template":"","meta":{"ocean_post_layout":"full-screen","ocean_both_sidebars_style":"","ocean_both_sidebars_content_width":0,"ocean_both_sidebars_sidebars_width":0,"ocean_sidebar":"0","ocean_second_sidebar":"0","ocean_disable_margins":"enable","ocean_add_body_class":"","ocean_shortcode_before_top_bar":"","ocean_shortcode_after_top_bar":"","ocean_shortcode_before_header":"","ocean_shortcode_after_header":"","ocean_has_shortcode":"","ocean_shortcode_after_title":"","ocean_shortcode_before_footer_widgets":"","ocean_shortcode_after_footer_widgets":"","ocean_shortcode_before_footer_bottom":"","ocean_shortcode_after_footer_bottom":"","ocean_display_top_bar":"off","ocean_display_header":"off","ocean_header_style":"","ocean_center_header_left_menu":"0","ocean_custom_header_template":"0","ocean_custom_logo":0,"ocean_custom_retina_logo":0,"ocean_custom_logo_max_width":0,"ocean_custom_logo_tablet_max_width":0,"ocean_custom_logo_mobile_max_width":0,"ocean_custom_logo_max_height":0,"ocean_custom_logo_tablet_max_height":0,"ocean_custom_logo_mobile_max_height":0,"ocean_header_custom_menu":"0","ocean_menu_typo_font_family":"0","ocean_menu_typo_font_subset":"","ocean_menu_typo_font_size":0,"ocean_menu_typo_font_size_tablet":0,"ocean_menu_typo_font_size_mobile":0,"ocean_menu_typo_font_size_unit":"px","ocean_menu_typo_font_weight":"","ocean_menu_typo_font_weight_tablet":"","ocean_menu_typo_font_weight_mobile":"","ocean_menu_typo_transform":"","ocean_menu_typo_transform_tablet":"","ocean_menu_typo_transform_mobile":"","ocean_menu_typo_line_height":0,"ocean_menu_typo_line_height_tablet":0,"ocean_menu_typo_line_height_mobile":0,"ocean_menu_typo_line_height_unit":"","ocean_menu_typo_spacing":0,"ocean_menu_typo_spacing_tablet":0,"ocean_menu_typo_spacing_mobile":0,"ocean_menu_typo_spacing_unit":"","ocean_menu_link_color":"","ocean_menu_link_color_hover":"","ocean_menu_link_color_active":"","ocean_menu_link_background":"","ocean_menu_link_hover_background":"","ocean_menu_link_active_background":"","ocean_menu_social_links_bg":"","ocean_menu_social_hover_links_bg":"","ocean_menu_social_links_color":"","ocean_menu_social_hover_links_color":"","ocean_disable_title":"on","ocean_disable_heading":"default","ocean_post_title":"","ocean_post_subheading":"","ocean_post_title_style":"","ocean_post_title_background_color":"","ocean_post_title_background":0,"ocean_post_title_bg_image_position":"","ocean_post_title_bg_image_attachment":"","ocean_post_title_bg_image_repeat":"","ocean_post_title_bg_image_size":"","ocean_post_title_height":0,"ocean_post_title_bg_overlay":0.5,"ocean_post_title_bg_overlay_color":"","ocean_disable_breadcrumbs":"default","ocean_breadcrumbs_color":"","ocean_breadcrumbs_separator_color":"","ocean_breadcrumbs_links_color":"","ocean_breadcrumbs_links_hover_color":"","ocean_display_footer_widgets":"off","ocean_display_footer_bottom":"off","ocean_custom_footer_template":"0","footnotes":""},"_links":{"self":[{"href":"https:\/\/akpsychderm.com\/index.php?rest_route=\/wp\/v2\/pages\/5338"}],"collection":[{"href":"https:\/\/akpsychderm.com\/index.php?rest_route=\/wp\/v2\/pages"}],"about":[{"href":"https:\/\/akpsychderm.com\/index.php?rest_route=\/wp\/v2\/types\/page"}],"author":[{"embeddable":true,"href":"https:\/\/akpsychderm.com\/index.php?rest_route=\/wp\/v2\/users\/1"}],"replies":[{"embeddable":true,"href":"https:\/\/akpsychderm.com\/index.php?rest_route=%2Fwp%2Fv2%2Fcomments&post=5338"}],"version-history":[{"count":10,"href":"https:\/\/akpsychderm.com\/index.php?rest_route=\/wp\/v2\/pages\/5338\/revisions"}],"predecessor-version":[{"id":5366,"href":"https:\/\/akpsychderm.com\/index.php?rest_route=\/wp\/v2\/pages\/5338\/revisions\/5366"}],"wp:attachment":[{"href":"https:\/\/akpsychderm.com\/index.php?rest_route=%2Fwp%2Fv2%2Fmedia&parent=5338"}],"curies":[{"name":"wp","href":"https:\/\/api.w.org\/{rel}","templated":true}]}}